?
2, 577
List the prime factors of 2739.
3, 11, 83
What are the prime factors of 158862?
2, 3, 11, 29, 83
What are the prime factors of 9761?
43, 227
List the prime factors of 31300.
2, 5, 313
What are the prime factors of 1891?
31, 61
What are the prime factors of 52214?
2, 26107
List the prime factors of 13998.
2, 3, 2333
What are the prime factors of 60849?
3, 6761
List the prime factors of 957.
3, 11, 29
List the prime factors of 19548.
2, 3, 181
List the prime factors of 19105.
5, 3821
What are the prime factors of 16897?
61, 277
List the prime factors of 76.
2, 19
What are the prime factors of 8851?
53, 167
What are the prime factors of 5032?
2, 17, 37
What are the prime factors of 3776?
2, 59
What are the prime factors of 1033?
1033
List the prime factors of 60.
2, 3, 5
What are the prime factors of 55277?
167, 331
List the prime factors of 9345.
3, 5, 7, 89
What are the prime factors of 1199?
11, 109
List the prime factors of 21140.
2, 5, 7, 151
List the prime factors of 32484.
2, 3, 2707
What are the prime factors of 26182?
2, 13, 19, 53
List the prime factors of 2325.
3, 5, 31
What are the prime factors of 743?
743
List the prime factors of 5401.
11, 491
What are the prime factors of 640?
2, 5
What are the prime factors of 701?
701
List the prime factors of 23088.
2, 3, 13, 37
What are the prime factors of 659?
659
What are the prime factors of 1729?
7, 13, 19
What are the prime factors of 581?
7, 83
List the prime factors of 25915.
5, 71, 73
List the prime factors of 1807.
13, 139
What are the prime factors of 14273?
7, 2039
List the prime factors of 329.
7, 47
What are the prime factors of 646?
2, 17, 19
What are the prime factors of 10932?
2, 3, 911
What are the prime factors of 6182?
2, 11, 281
List the prime factors of 16571.
73, 227
List the prime factors of 2526.
2, 3, 421
List the prime factors of 1570.
2, 5, 157
List the prime factors of 35636.
2, 59, 151
What are the prime factors of 95538?
2, 3, 15923
What are the prime factors of 614?
2, 307
List the prime factors of 1547.
7, 13, 17
List the prime factors of 3709.
3709
List the prime factors of 4283.
4283
What are the prime factors of 11925?
3, 5, 53
What are the prime factors of 19262?
2, 9631
List the prime factors of 1301.
1301
What are the prime factors of 636?
2, 3, 53
List the prime factors of 26520.
2, 3, 5, 13, 17
List the prime factors of 1559.
1559
What are the prime factors of 25117?
25117
List the prime factors of 2205.
3, 5, 7
List the prime factors of 18239.
13, 23, 61
List the prime factors of 3232.
2, 101
What are the prime factors of 7206?
2, 3, 1201
What are the prime factors of 496?
2, 31
List the prime factors of 7282.
2, 11, 331
What are the prime factors of 33564?
2, 3, 2797
List the prime factors of 1452.
2, 3, 11
What are the prime factors of 2846?
2, 1423
List the prime factors of 2078.
2, 1039
List the prime factors of 2816.
2, 11
What are the prime factors of 41085?
3, 5, 11, 83
What are the prime factors of 80726?
2, 181, 223
What are the prime factors of 25141?
31, 811
List the prime factors of 96261.
3, 11, 2917
What are the prime factors of 9645?
3, 5, 643
List the prime factors of 132.
2, 3, 11
List the prime factors of 4995.
3, 5, 37
List the prime factors of 14554.
2, 19, 383
What are the prime factors of 2344?
2, 293
What are the prime factors of 23374?
2, 13, 29, 31
What are the prime factors of 55018?
2, 27509
What are the prime factors of 19818?
2, 3, 367
What are the prime factors of 3982?
2, 11, 181
What are the prime factors of 37175?
5, 1487
List the prime factors of 743.
743
List the prime factors of 2417.
2417
What are the prime factors of 164915?
5, 32983
What are the prime factors of 64353?
3, 19, 1129
What are the prime factors of 11976?
2, 3, 499
What are the prime factors of 63?
3, 7
What are the prime factors of 59639?
23, 2593
List the prime factors of 32846.
2, 11, 1493
List the prime factors of 2792.
2, 349
List the prime factors of 692.
2, 173
What are the prime factors of 100818?
2, 3, 1867
List the prime factors of 3279.
3, 1093
List the prime factors of 33525.
3, 5, 149
What are the prime factors of 1160?
2, 5, 29
What are the prime factors of 21952?
2, 7
What are the prime factors of 1544?
2, 193
List the prime factors of 31306.
2, 11, 1423
What are the prime factors of 2408?
2, 7, 43
List the prime factors of 2700.
2, 3, 5
What are the prime factors of 1015?
5, 7, 29
What are the prime factors of 33?
3, 11
What are the prime factors of 567?
3, 7
What are the prime factors of 26589?
3, 8863
List the prime factors of 7017.
3, 2339
What are the prime factors of 68840?
2, 5, 1721
List the prime factors of 132070.
2, 5, 47, 281
List the prime factors of 119654.
2, 29, 2063
List the prime factors of 2831.
19, 149
List the prime factors of 31502.
2, 19, 829
List the prime factors of 89809.
89809
What are the prime factors of 4245?
3, 5, 283
List the prime factors of 26584.
2, 3323
What are the prime factors of 46445?
5, 7, 1327
What are the prime factors of 918?
2, 3, 17
What are the prime factors of 11115?
3, 5, 13, 19
List the prime factors of 5801.
5801
What are the prime factors of 973?
7, 139
List the prime factors of 9758.
2, 7, 17, 41
What are the prime factors of 8710?
2, 5, 13, 67
List the prime factors of 61195.
5, 12239
What are the prime factors of 487?
487
List the prime factors of 4242.
2, 3, 7, 101
List the prime factors of 9768.
2, 3, 11, 37
List the prime factors of 18445.
5, 7, 17, 31
List the prime factors of 14938.
2, 7, 11, 97
What are the prime factors of 898?
2, 449
List the prime factors of 506.
2, 11, 23
List the prime factors of 7.
7
List the prime factors of 58738.
2, 43, 683
List the prime factors of 744.
2, 3, 31
List the prime factors of 1004.
2, 251
List the prime factors of 15781.
43, 367
List the prime factors of 2721.
3, 907
List the prime factors of 5197.
5197
What are the prime factors of 1019?
1019
List the prime factors of 770.
2, 5, 7, 11
What are the prime factors of 11568?
2, 3, 241
List the prime factors of 25582.
2, 12791
List the prime factors of 29498.
2, 7, 43
What are the prime factors of 1530?
2, 3, 5, 17
List the prime factors of 6571.
6571
What are the prime factors of 1826?
2, 11, 83
What are the prime factors of 13328?
2, 7, 17
List the prime factors of 3342.
2, 3, 557
List the prime factors of 1576.
2, 197
What are the prime factors of 24019?
24019
List the prime factors of 264.
2, 3, 11
What are the prime factors of 1336?
2, 167
What are the prime factors of 7430?
2, 5, 743
What are the prime factors of 1194?
2, 3, 199
List the prime factors of 1366.
2, 683
List the prime factors of 15873.
3, 11, 13, 37
List the prime factors of 12439.
7, 1777
What are the prime factors of 38483?
29, 1327
List the prime factors of 1582.
2, 7, 113
What are the prime factors of 33946?
2, 11, 1543
List the prime factors of 611.
13, 47
What are the prime factors of 24091?
24091
List the prime factors of 63087.
3, 17, 1237
List the prime factors of 18963.
3, 7, 43
List the prime factors of 5340.
2, 3, 5, 89
List the prime factors of 1213.
1213
List the prime factors of 756.
2, 3, 7
What are the prime factors of 11092?
2, 47, 59
What are the prime factors of 57679?
57679
What are the prime factors of 1937?
13, 149
What are the prime factors of 751?
751
What are the prime factors of 1246?
2, 7, 89
What are the prime factors of 6604?
2, 13, 127
What are the prime factors of 94023?
3, 31, 337
List the prime factors of 5252.
2, 13, 101
List the prime factors of 92956.
2, 17, 1367
List the prime factors of 1449.
3, 7, 23
What are the prime factors of 566?
2, 283
List the prime factors of 1726.
2, 863
List the prime factors of 1546.
2, 773
List the prime factors of 25363.
13, 1951
List the prime factors of 7621.
7621
What are the prime factors of 31068?
2, 3, 863
What are the prime factors of 26291?
61, 431
List the prime factors of 1617.
3, 7, 11
What are the prime factors of 1530?
2, 3, 5, 17
What are the prime factors of 15859?
15859
List the prime factors of 3707.
11, 337
List the prime factors of 54620.
2, 5, 2731
What are the prime factors of 6096?
2, 3, 127
List the prime factors of 98.
2, 7
What are the prime factors of 10988?
2, 41, 67
What are the prime factors of 2542?
2, 31, 41
W